 -703 - 35. What is the tens digit of c?
8
Let u = 36759 + -14933. What is the tens digit of u?
2
Let m(s) = -2*s**3 - 7*s**2 - 28*s - 103. What is the tens digit of m(-10)?
7
Let x(p) = 6*p**2 + 50*p + 14. Let j(m) = m**2. Let v(q) = -3*j(q) + x(q). What is the tens digit of v(-24)?
4
Let j(t) = 325*t**2 - 2464*t - 63. What is the tens digit of j(19)?
4
Suppose 5*k + 3*o - 915 = -o, 4*k = 2*o + 732. Suppose 27 + 56 = -p + 2*t, -2*t = 6. Let h = k + p. What is the tens digit of h?
9
Suppose -v - 6 = 5*c, -c + 3*c = v + 20. Let j(k) = -2*k - 30. Let z be j(v). Suppose z*q = 5*b + 85 + 34, 5*b - 216 = -3*q. What is the tens digit of q?
6
Suppose 7*b - 5*s = 9*b - 1, -4 = -2*b - 2*s. Suppose b*n + 5*k - 1014 = 901, 5*n - 3245 = 5*k. What is the tens digit of n?
4
Let j(m) = -m**3 - 56*m**2 - 77*m - 89. Let z be (11 - 0)/(8/(-40)). What is the tens digit of j(z)?
2
Let f(x) = 1306*x**3 + 8*x**2 - 22*x - 2. What is the ten thousands digit of f(3)?
3
What is the thousands digit of (12/(-9))/(12 + (-4569704)/380799)?
4
Let q(r) = -4*r**3 - 10*r**2 - r - 76. What is the thousands digit of q(-12)?
5
Suppose 13*n + 5*n - 570507 = -31*n. What is the tens digit of n?
4
Let c = 1 - -3. Let j(u) = -u**2 + 17*u - 13. Let h be j(16). Suppose c*x + 242 = 2*p + x, -6 = h*x. What is the hundreds digit of p?
1
Let f = -8311 - -16402. What is the hundreds digit of f?
0
Suppose -k = -3, 5*y - 9*k - 28 = -10*k. Suppose -y*i - w = -6*w - 35, 2*i - 10 = 4*w. What is the units digit of 2/(-2) + 190 - (-7 + i)?
7
Let b = 19 + -21. Let g = b - -4. Suppose -r + 183 = g*r. What is the units digit of r?
1
Let x = -12821 - -49473. What is the units digit of x?
2
Suppose -3*q - y = -4 + 7, 2*y + 6 = 0. Suppose q*a = -11*a + 198. Let c(g) = 9*g + 47. What is the tens digit of c(a)?
0
Suppose 3*s = -o - 31, 0 = -3*o - 0*o + 2*s - 93. Let j(d) = d**2 + 26*d - 99. What is the units digit of j(o)?
6
Let r(z) = -z - 3. Suppose 1 = -8*p - 71. Let o be r(p). Suppose -522 = -3*f - o*f. What is the tens digit of f?
5
Let p = -883 - -641. Let i = 465 - p. What is the tens digit of i?
0
Suppose -9*j + 7*j + g + 10 = 0, 10 = 3*j + g. Suppose 2*r - 2 = 0, -2*s - 3*r = -j*s + 2755. What is the units digit of s?
9
Let b be (-1648)/40 + 1/5. Let a = -38 - b. Suppose 4*v + 667 = a*c, -v + 1150 = 2*c + 3*c. What is the hundreds digit of c?
2
Suppose -4*m = -11*m. Let x(b) = -b**3 + b**2 - 2*b + 139. What is the tens digit of x(m)?
3
Suppose -30*k = 273 + 27. What is the tens digit of (592 - 58)/(-1 - k/6)?
0
Suppose 15 = 5*j - 0*j. Let z(h) = h + 1. Let t be z(j). Suppose 0*o - 11 = -x - 2*o, 3*x + t*o = 29. What is the units digit of x?
7
Suppose 19*v - 201727 + 32095 = 0. What is the thousands digit of v?
8
Suppose 0 = -10*d + 2*d + 24. Let k(l) = 10*l**2 + 2*l - 2. What is the tens digit of k(d)?
9
Let l = -45 - -40. Let h be 9/15 + 33/l. What is the units digit of h/(-4) + (-444)/(-24)?
0
Let c(b) = b**3 + 43*b**2 + 3*b + 27. What is the tens digit of c(-10)?
9
Let f = -9469 - -16275. What is the thousands digit of f?
6
Let s(c) = -c**2 + 3*c - 9. Let h(r) = -r**3 - 6*r**2 + 5*r - 14. Let j be h(-7). Let g be s(j). What is the hundreds digit of 80*g/(-6) - 2?
1
Let p(w) = 7*w. Let x be p(1). Suppose 12*s = x*s + 5725. Suppose -5*z + 0*z = -s. What is the tens digit of z?
2
Suppose -12*u + 3346 = -974. Suppose 4*z = z + u. What is the units digit of z?
0
Let u = 101 - 102. Let m be u/(-5) - (119/(-5) - 0). What is the units digit of (m/30)/(1/260)?
8
Let u = 110 - 114. Let r(a) = a**3 + 5*a**2 + a - 7. Let l be r(u). Suppose 5*i - 3*q - 1330 = 0, -2*i + i + 244 = -l*q. What is the units digit of i?
9
Suppose -48 = 6*p - 0. Let u be (-1264)/(-14) + p/28. Let m = -18 + u. What is the tens digit of m?
7
Suppose -2*q - 2158 = 3*f - 4*f, 8 = -4*f. Let y = 1926 + q. What is the tens digit of y?
4
Let t(z) be the third derivative of 7*z**5/15 - z**4 + 3*z**3/2 + 267*z**2. What is the hundreds digit of t(4)?
3
Suppose -3*o - 28536 = -g, -2*g + 2*o + 84477 - 27385 = 0. What is the thousands digit of g?
8
Suppose 26*r = 22*r - 4520. Let u = -527 - r. What is the hundreds digit of u?
6
Suppose 27744 = 75*m - 63*m. What is the units digit of m?
2
Suppose -m - 5*g = -397, 2*m + 103*g - 106*g = 755. What is the units digit of m?
2
Let m(z) = 2 + 8*z**2 - z + 0 + 4*z - z. Suppose 13 = 5*l - h - 4, 4*h + 20 = 4*l. What is the units digit of m(l)?
0
Let z(a) = 8*a**2 + 2*a + 36. Suppose -5*t + 39 = -4*r, 10*r - 13*r - 53 = t. What is the thousands digit of z(r)?
2
Let i = -19162 + 37510. What is the units digit of i?
8
Let n(y) = 1245*y**2 - 16*y - 17. Suppose -35*q - 62 = -27. What is the hundreds digit of n(q)?
2
Let o be 96/528 + (0 - 171/33). Let h(d) = -3*d**2 - d. Let k be h(-1). What is the units digit of k/o - (-2322)/45?
2
Let m(q) = -6*q**3 + 22*q**2 - 42*q + 3. Let u(t) = -5*t**3 + 22*t**2 - 43*t + 3. Let p(a) = -6*m(a) + 7*u(a). What is the units digit of p(-24)?
7
Let v = 58786 - 25174. What is the hundreds digit of v?
6
Let k(i) = i**3 + 53*i**2 - 263*i + 79. What is the units digit of k(-56)?
9
Suppose -157*x + 148*x = -328518. What is the units digit of x?
2
Suppose 21*u + 815664 = 50*u - 5*u. What is the hundreds digit of u?
9
Let m be (-8)/(1/((-3)/6)). Suppose -m*q + b + 1685 = 0, -q + 4*b = 3*q - 1688. Suppose w + 2*u = 89, w - 6*w + 2*u + q = 0. What is the tens digit of w?
8
Let r = -429 + 434. Suppose -r*k + 7679 = 2704. What is the hundreds digit of k?
9
Suppose 3*o + 44520 = b, -5*o - 35741 = -b + 8771. What is the hundreds digit of b?
5
Let h = 98 - 91. Suppose -h*l + 871 = -2482. What is the hundreds digit of l?
4
What is the thousands digit of ((-12)/10)/(6 - (-1272060)/(-97850) - -7)?
1
Let m(b) be the first derivative of 2*b**3/3 - 15*b**2 + 23*b + 20. Let t(o) be the first derivative of m(o). What is the tens digit of t(17)?
3
Let g = -377 + 1437. Suppose -7*n + 305 = -g. What is the units digit of n?
5
Let t(q) = q**3 + 12*q**2 + 2*q + 24. Let l be t(-12). Suppose l*o - 2*o + 5*g + 15 = 0, o = -2*g + 30. What is the units digit of o?
0
Let c = -113 - -112. What is the tens digit of 1/((c/(-44))/(143/22))?
8
Suppose 9*l = 42*l + 8*l - 329804. What is the units digit of l?
4
Let n(t) = 437*t + 86. Let u be n(-40). What is the units digit of (-126)/294 + u/(-14)?
2
Let g(n) = 4*n + 58. Let b be g(0). Let i = b + 0. What is the units digit of 5/(15/6)*i?
6
Let b(j) = -j**3 - 14*j**2 - 15*j + 8. Let c be b(-13). Suppose -92 - c = 2*h. What is the tens digit of (3 + (-10)/(-5))*h/(-5)?
6
What is the tens digit of (1018/4 + 1)/((-2)/(-192)*48)?
1
Let z be 7/(-14)*(1 - 7) - 1. Suppose -z - 558 = -10*r. Suppose -5*m - 51 + r = 0. What is the units digit of m?
1
What is the tens digit of 466/((-302)/102 - -3)?
8
What is the hundreds digit of 8*(684 - (-10 + 5)*1)*1?
5
Let z(f) = -3*f**3 + 11*f**2 + 3*f + 1. Let k be z(9). Let d = 1828 + k. Suppose d = -7*c + 9*c. What is the tens digit of c?
8
Let y = 71 + -22. Let x = y - -111. What is the tens digit of x?
6
Let p(s) = 87*s**2 - 9*s + 452. What is the thousands digit of p(6)?
3
Let i = 207 - 193. What is the units digit of (i/4)/(3/84)?
8
Suppose 5*z - 4*x = -9*x + 90860, 0 = 4*z + 3*x - 72685. What is the units digit of z?
9
Suppose 61*b - 59*b - x = 20489, 3*b + 3*x - 30747 = 0. What is the thousands digit of b?
0
Let r(i) = 858*i + 4504. What is the units digit of r(22)?
0
Let q(k) = 4*k**2 + 20*k + 31. Let t be q(-10). Suppose 5*v + 9 - 101 = -m, 0 = m + 3. Suppose -v*i + t = -16*i. What is the tens digit of i?
7
What is the hundreds digit of (-8)/40 - 25201/(-55)?
4
Suppose 2*x - 24 = -8. Suppose -1008 = -x*s + 1848. Suppose -2*o + s = 2*n + 85, -5*o + 680 = -n. What is the hundreds digit of o?
1
Let y(m) = -26*m**3 + 3*m - 13. Let g be 52/(-6) + 4 - 5/(-3). What is the hundreds digit of y(g)?
6
Let o(z) = -z**3 + 56*z**2 - 40*z + 319. What is the thousands digit of o(50)?
3
Let l be (-25 - (-2 - 2))/(-1). Let b(m) = -2*m + 4*m - m - 3*m + l. What is the units digit of b(-9)?
9
What is the units digit of 31519/19 + (-90)/(-855)?
9
Suppose 4*z - 67 = 3*n, -2*z = -5*n - 39 - 12. Suppose -5*j - 3*q = -2005, -z*j - q - 791 = -15*j. What is the hundreds digit of j?
3
What is the hundreds digit of -9 + (3220 - (-12 + 5))?
2
Let b(i